What is the highest common factor of 574 and 73976?
14
Calculate the greatest common divisor of 6025362 and 18.
6
Calculate the greatest common factor of 844296 and 762.
762
Calculate the greatest common factor of 759 and 168383.
23
Calculate the highest common factor of 19916 and 11024.
52
What is the greatest common divisor of 4865820 and 24?
12
Calculate the highest common divisor of 1032 and 29154.
258
What is the greatest common factor of 239754 and 62?
62
What is the greatest common factor of 3900 and 1643200?
1300
What is the greatest common factor of 26 and 211913?
13
What is the highest common divisor of 17 and 121652?
17
Calculate the highest common factor of 62566 and 545.
109
Calculate the greatest common divisor of 4786366 and 988.
494
What is the greatest common divisor of 219052 and 276?
92
What is the greatest common factor of 1112 and 367516?
556
What is the greatest common divisor of 29480 and 132?
44
Calculate the highest common factor of 54802 and 11938.
94
What is the greatest common factor of 48615 and 30?
15
What is the greatest common divisor of 601749 and 437?
437
Calculate the greatest common divisor of 1738187 and 11.
11
What is the highest common factor of 460 and 6940?
20
Calculate the highest common factor of 20 and 29306.
2
Calculate the greatest common factor of 576 and 1480.
8
Calculate the highest common factor of 283562 and 58.
58
What is the greatest common divisor of 40144 and 579?
193
Calculate the highest common divisor of 2368 and 18796.
148
What is the highest common divisor of 2208 and 6486?
138
Calculate the highest common factor of 6 and 28902.
6
What is the greatest common divisor of 1301637 and 411?
411
Calculate the greatest common factor of 6 and 7422342.
6
What is the greatest common divisor of 746 and 6932578?
746
What is the highest common divisor of 16 and 11624?
8
Calculate the highest common factor of 4290 and 705.
15
What is the highest common divisor of 33 and 741576?
33
Calculate the greatest common divisor of 53 and 368827.
53
Calculate the highest common divisor of 2507395 and 55.
55
What is the highest common divisor of 567331 and 31?
31
Calculate the greatest common divisor of 15571 and 92.
23
Calculate the greatest common factor of 65056 and 963.
107
Calculate the greatest common divisor of 438504 and 704.
88
Calculate the highest common divisor of 22132 and 2948.
44
What is the highest common factor of 2334 and 30?
6
Calculate the highest common factor of 1791 and 393423.
597
Calculate the greatest common divisor of 59075 and 102425.
425
Calculate the greatest common divisor of 91 and 315653.
13
What is the highest common factor of 258876 and 36096?
564
Calculate the highest common divisor of 57836 and 152.
76
Calculate the highest common factor of 19304 and 1976.
152
What is the greatest common divisor of 31935 and 30?
15
Calculate the greatest common factor of 6787 and 55.
11
What is the highest common factor of 2842 and 41650?
98
Calculate the greatest common factor of 478 and 522932.
478
Calculate the highest common factor of 647600 and 5200.
400
Calculate the greatest common divisor of 598 and 494.
26
Calculate the highest common divisor of 30785 and 705.
235
Calculate the highest common divisor of 64 and 3896.
8
What is the greatest common factor of 5056 and 2112?
64
Calculate the greatest common factor of 3195 and 197735.
355
Calculate the highest common divisor of 1306 and 30691.
653
What is the highest common factor of 7215 and 208?
13
What is the greatest common factor of 776 and 1136?
8
What is the greatest common factor of 63490 and 284798?
1814
Calculate the highest common factor of 561 and 262317.
33
Calculate the greatest common factor of 308506 and 44.
22
What is the greatest common divisor of 27 and 588813?
3
What is the greatest common divisor of 290491 and 19?
19
Calculate the highest common factor of 205248 and 1416.
24
What is the greatest common factor of 145 and 292291?
29
Calculate the highest common divisor of 3080 and 1918.
14
Calculate the greatest common factor of 4653 and 63.
9
Calculate the greatest common divisor of 4 and 2941756.
4
Calculate the greatest common factor of 24 and 466152.
24
Calculate the greatest common factor of 9968 and 256.
16
Calculate the highest common divisor of 1284 and 1177321.
107
What is the highest common factor of 2991810 and 1860?
930
Calculate the greatest common divisor of 1563874 and 52.
26
What is the greatest common factor of 63406 and 11662?
98
Calculate the greatest common factor of 2 and 38113.
1
What is the highest common factor of 34 and 613190?
34
Calculate the highest common factor of 186364 and 4.
4
Calculate the greatest common divisor of 252 and 4172.
28
Calculate the highest common factor of 6568 and 2904.
8
Calculate the highest common factor of 7587 and 12447.
27
Calculate the highest common factor of 1500536 and 16.
8
Calculate the highest common factor of 260 and 11336.
52
Calculate the greatest common divisor of 2765 and 905.
5
What is the greatest common divisor of 3058 and 1195122?
278
What is the greatest common factor of 1288 and 28819?
161
What is the greatest common factor of 11 and 3491807?
11
What is the highest common factor of 9 and 77229?
9
What is the highest common factor of 131643 and 909?
9
What is the highest common divisor of 152 and 46664?
152
Calculate the highest common divisor of 904 and 38759.
113
What is the highest common factor of 167340 and 180?
60
What is the greatest common factor of 5880 and 16296?
168
Calculate the greatest common divisor of 15810 and 34986.
102
Calculate the highest common divisor of 469 and 28.
7
What is the highest common factor of 17390 and 21645?
185
Calculate the highest common factor of 18 and 4528863.
9
Calculate the greatest common factor of 5196 and 996.
12
What is the greatest common factor of 3222778 and 26?
26
What is the highest common factor of 149093 and 1239?
413
Calculate the highest common divisor of 56 and 434.
14
Calculate the greatest common factor of 2487 and 11181552.
2487
What is the highest common divisor of 8614 and 4088?
146
Calculate the highest common divisor of 1890194 and 248.
62
What is the greatest common factor of 135 and 267615?
45
What is the highest common factor of 246 and 119269?
41
Calculate the highest common divisor of 72 and 22006.
2
Calculate the greatest common factor of 1016207 and 763.
109
What is the greatest common divisor of 16509388 and 28?
28
Calculate the highest common divisor of 37492 and 10010.
182
Calculate the highest common divisor of 130597 and 292.
73
What is the greatest common divisor of 1010 and 85345?
505
Calculate the greatest common factor of 42 and 7578.
6
What is the greatest common divisor of 134139 and 732?
183
What is the highest common factor of 1365 and 688233?
273
Calculate the greatest common divisor of 49 and 220388.
7
What is the highest common factor of 250688 and 2368?
64
What is the highest common divisor of 9709 and 2044?
511
What is the highest common divisor of 2259043 and 19?
19
What is the highest common divisor of 1671193 and 127?
127
What is the greatest common factor of 2392 and 181064?
104
What is the greatest common divisor of 419564 and 8?
4
Calculate the highest common factor of 21000 and 280.
280
What is the highest common divisor of 12191 and 2?
1
What is the highest common factor of 62350 and 1290?
430
What is the greatest common divisor of 97416 and 21033?
1107
What is the greatest common factor of 64638 and 6783?
399
Calculate the greatest common divisor of 3267 and 355377.
363
Calculate the highest common divisor of 40 and 10930.
10
Calculate the greatest common divisor of 54663 and 57057.
399
What is the greatest common divisor of 576 and 20088?
72
Calculate the highest common divisor of 12840 and 360.
120
What is the highest common divisor of 752 and 62704?
16
What is the highest common factor of 35315 and 4445?
35
What is the highest common divisor of 1216 and 3363?
19
Calculate the highest common divisor of 76133 and 19.
19
What is the highest common factor of 85967 and 12?
1
What is the greatest common divisor of 1482 and 18174?
78
What is the highest common factor of 208 and 66404?
52
Calculate the greatest common factor of 819 and 38415.
39
Calc